= 0. List the prime factors of (w/2)/(-1 + 3).
23
Let h be (-4)/(-6)*45/6. Suppose 2 = h*w + 2*k, w - 2*k - 6 - 4 = 0. Suppose j + w = -4*c + 50, -3*j + 24 = 2*c. What are the prime factors of c?
2, 3
What are the prime factors of ((-8)/20 - (-293)/(-5))*-15?
3, 5, 59
Suppose -5*s + x = -13896, 2*x + 1886 = 5*s - 12006. What are the prime factors of s?
2, 5, 139
Let d be -29*(-2 + -3 + 6). Let x = d + 25. List the prime factors of 510/12 - (-2)/x.
2, 3, 7
List the prime factors of 2/20 - 1*(-7649)/10.
3, 5, 17
Let x(z) = z**3 + 32*z - 12. What are the prime factors of x(9)?
3, 5, 67
Suppose 0 = 9*w - 28*w + 86545. What are the prime factors of w?
5, 911
Let x(i) = -i**2 + i + 14. Let t = 37 - 25. Let o = t + -12. List the prime factors of x(o).
2, 7
Let x(u) = u**3 - 3*u**2 - 16. Let g be x(4). Let w(d) = -5*d**2 - 3*d + 6. Let k be w(7). What are the prime factors of (1 + g)/((-5)/k)?
2, 13
Let r = 5 + 1. Suppose 2*f - r = 4. Suppose f*s - 3*i = -0*s + 32, -5*i = 20. List the prime factors of s.
2
Suppose -624*z + 30420 = -611*z. What are the prime factors of z?
2, 3, 5, 13
Let j be (-39)/(-26)*692/3. What are the prime factors of 1/(-5) + j/5?
3, 23
Let f = -248 + 2756. What are the prime factors of f?
2, 3, 11, 19
Suppose 0 = -3*a - 2*o + 18, -5*a - 4*o + 32 = -0*a. List the prime factors of 26 + (6 - 3 - a).
5
Suppose 0 = -4*k + 3*k - 28. Let z(i) = 2*i**3 - 15*i**2 + 10*i + 22. Let b be z(6). Let g = b - k. List the prime factors of g.
2
Let k(x) = 17*x**3 + 4*x + 3. Let r be k(-2). Let h = r - -343. List the prime factors of h.
2, 101
Let u(h) = h**3 + 9*h**2 - 3*h - 3. Let b be u(-8). Let i = 57 + b. List the prime factors of i.
2, 71
Let h(z) = -2*z**3 - 7*z**2 - 9. List the prime factors of h(-5).
2, 3, 11
Let j = 1476 - 421. Suppose -j = -4*m - b, -2*m + 5*b = -0*m - 511. List the prime factors of m.
263
Let z(b) = b**3 + 4*b**2 - 13*b - 7. Let v be z(-6). Let r(y) = -149*y - 10. What are the prime factors of r(v)?
139
Let j be 4*(15/(-12))/(-1). Suppose 1 = -3*f - 14, 4*f = -j*h + 1140. Suppose t + 3*t = -s + 307, 0 = 3*t - s - h. What are the prime factors of t?
7, 11
Let k(a) = 22*a + 3. Let z be k(-3). Let s be 180/z - (-1)/(-7). List the prime factors of 1*s*160/(-15).
2
Suppose 29*b + 4*r - 1254 = 27*b, 4 = -r. List the prime factors of b.
5, 127
Let u(f) = -f + 17. Suppose -8*b + 3*b + 10 = 0. Suppose -m + 6 = -3*v + 21, 5*v + b*m = 36. List the prime factors of u(v).
11
Suppose 3*u - 16 = -d, -5*u + 8*u - 18 = -3*d. Let r(g) be the second derivative of 3*g**3/2 + 13*g**2/2 - g. What are the prime factors of r(u)?
2, 29
Let w = -5531 + 10575. What are the prime factors of w?
2, 13, 97
Let q = 141 + 288. What are the prime factors of q?
3, 11, 13
Suppose 0 = 18*c - 10*c - 2936. What are the prime factors of c?
367
Let b = -68 - -477. What are the prime factors of b?
409
Let h be (-11)/(-9) + 30/(-135). List the prime factors of h*(-1)/(3/(-237)).
79
Let p = 3424 - 472. List the prime factors of p.
2, 3, 41
Suppose 5*t - 3*s - 4194 = 0, -3*t = 11*s - 7*s - 2499. What are the prime factors of t?
3, 31
Let i(f) = -2*f + 12. Let m be i(6). Suppose m = -c - 2*c. Suppose c = 5*n - n - 248. What are the prime factors of n?
2, 31
Let c = -15 - -27. Suppose -2*g + c = 5*q, -g - 2 = -q - 1. Suppose -4*j + q*j = -102. What are the prime factors of j?
3, 17
Suppose -q - 2*q = -27. Let o(n) be the third derivative of n**6/120 - 3*n**5/20 + 5*n**4/24 - 2*n**3/3 + 31*n**2. List the prime factors of o(q).
41
Let d = -50 + 95. Suppose d = -m - 4*m. List the prime factors of (2 - m/1)*1.
11
Let m(i) be the second derivative of i**3/3 + 9*i**2 + 4*i. What are the prime factors of m(12)?
2, 3, 7
What are the prime factors of (-2)/(-3) + 29374/57 + -6?
2, 3, 5, 17
Let z = 3956 - 2673. List the prime factors of z.
1283
Let m(d) = d**2 + d. Let z be m(-2). Let n = 14 + z. List the prime factors of n + (-3)/(-6)*-6.
13
Let m be (-9 - -6) + 3*(-1 + 2). Suppose 0 = -2*p + 6*p + 5*z - 334, m = -5*z - 10. List the prime factors of p.
2, 43
Let m = 19 - 38. Suppose 3*x + 31 = 1. Let l = x - m. What are the prime factors of l?
3
Let a = -49 + 531. What are the prime factors of a?
2, 241
Let x = -40 + 19. Let i = -16 - x. Suppose 4*u - 49 = -i. What are the prime factors of u?
11
Suppose -7*z + z + 156 = 0. Let i(l) = l - 2. Let v(b) = -3*b + 8. Let j(w) = z*i(w) + 6*v(w). What are the prime factors of j(4)?
2, 7
Let k(f) = -7*f - 2. Let o be k(0). What are the prime factors of -11 - -115 - (-4)/o?
2, 3, 17
Suppose 3*c - 1842 = 321. List the prime factors of c.
7, 103
Let o(k) = -239*k**3 - 2*k**2 - 5*k - 2. Let c(s) = 8*s - 1. Let j be c(0). List the prime factors of o(j).
2, 3, 5
Let v be 4 - ((-2)/5 + 408/(-5)). Let t be -1*(1 + -3 + 2). Suppose -2*i - 5*a + 4*a = -92, t = 2*i - 2*a - v. What are the prime factors of i?
3, 5
Let k be (-4)/14 - (-33)/14*26. Let h = k + 44. What are the prime factors of h?
3, 5, 7
Suppose -3*b = -4*q + 2*b - 154, 5*q + b + 207 = 0. Let m = q - -54. List the prime factors of m.
13
Let f = -9066 - -6322. What are the prime factors of f/(-35) + (-4)/10?
2, 3, 13
What are the prime factors of ((-83691)/153)/(-3 - (-4 - -2))?
547
Let h be (-15 + 0)*(-17)/51. Suppose 2*v - 112 = -2*y - 2*v, 3*v - 266 = -h*y. Suppose y = -0*g + 4*g. List the prime factors of g.
13
List the prime factors of (-14)/42*(-1 + -680).
227
Suppose 0 = -z - 5, -z + 0*z - 80 = -3*m. Suppose 62 + 230 = 2*p. Suppose 5*u = m, -4*u = 4*k - k - p. What are the prime factors of k?
2, 3, 7
Suppose 5*u + 421 - 36 = 0. Let m = 115 + u. List the prime factors of m.
2, 19
Let j be -190 + 3 + 25/(-5). List the prime factors of 7/(-7) + j/(-2).
5, 19
Let r(u) = -u - 2. Let j be r(6). Let z = -4 - j. What are the prime factors of z/8 - 69/(-6)?
2, 3
Suppose -125 = -3*p - u, 0 = 6*p - 3*p - 5*u - 113. Let x = -42 + p. What are the prime factors of (2 - x)/((-1)/(-19))?
3, 19
Let y be (-4)/((-1)/(-22) + 0). Suppose 0 = 32*r + 3150 + 946. Let i = y - r. What are the prime factors of i?
2, 5
Let d(a) = -502*a - 118. List the prime factors of d(-9).
2, 5, 11
Let o be (-16)/(-24)*3/(-2). Let u = 3 + 12. Let w = u + o. What are the prime factors of w?
2, 7
Let w(s) = -s**3 + 25*s + 3. Let r(q) = q**2 - 11*q + 12. Let y be r(9). What are the prime factors of w(y)?
3, 23
Let n(b) = 9*b - 23. Let z(y) = -y + 23. Let u be z(-7). Suppose -l - 3*m + 10 = -8*m, -3*l + 2*m = -u. What are the prime factors of n(l)?
67
Let v = 33 + -33. Suppose v = -2*p + 17 + 1. What are the prime factors of p?
3
Let h = 145 + -77. Let v = h - 28. List the prime factors of v.
2, 5
Suppose -4*x = -0*x - 3*g - 23, -2*g - 20 = -5*x. Suppose 0*u = -u + x. Suppose -4*z + 158 = -2*q, 2*q + 12 = -u*q. List the prime factors of z.
2, 19
Suppose l + 404 = 4*r, 5*r - 414 = 5*l + 106. Suppose -m - 100 = -5*o, -4*o - r = -9*o + 3*m. Let v = o + 9. What are the prime factors of v?
29
Let b(k) = -28*k**2 + 4*k. Let f be b(2). Let u = 153 + f. List the prime factors of u.
7
Let i = -41 + 25. Let m be (1 + 1)/(i/200). Let j = -8 - m. What are the prime factors of j?
17
Let k(u) = 3*u**2 - 5*u**2 - 4*u**2 + 5*u**3 + 5*u**2. Let q be k(1). Suppose i - 180 = -q*i. List the prime factors of i.
2, 3
Let v be 17/((-54)/(-26) - 2). Suppose -35 = -4*k + v. What are the prime factors of k?
2
Let r(x) = x**2 - 7*x - 6. Let i(g) = -g**3 - g**2 - 2*g - 3. Let a be i(-2). Let q(d) = -d**2 + 9*d - 11. Let z be q(a). What are the prime factors of r(z)?
2, 3
Let p(d) = d. Let h(r) = r**2 + 12*r + 15. Let w(x) = h(x) - 3*p(x). What are the prime factors of w(-14)?
5, 17
Let f be 348/(-12) - (-4 + 1). Let t = 47 + f. List the prime factors of t.
3, 7
Suppose 3*j = -5*f - 189, -2*f - 3*f - 73 = j. Let w = 36 - j. List the prime factors of w.
2, 47
Let z(f) = 6*f + 95. Let c(l) be the third derivative of l**4/24 + 19*l**3/6 + l**2. Let m(u) = 11*c(u) - 2*z(u). What are the prime factors of m(9)?
2, 5
Let k = 6655 - 3785. List the prime factors of k.
2, 5, 7, 41
Let u = -4 - -3. What are the prime factors of ((-250)/(-15))/(u/(-3))?
2, 5
List the prime factors of (0 + 12/(-3) - -7) + 191.
2, 97
Let h(g) be the second derivative of g**5/20 + g**4/2 - 11*g**3/6 - 4*g**2 - 17*g. Let d be -2 + 1/((-1)/5). List the prime factors of h(d).
2